8.
2, 13807
List the prime factors of 5581.
5581
List the prime factors of 135704.
2, 16963
List the prime factors of 45491.
45491
List the prime factors of 2267.
2267
List the prime factors of 8583.
3, 2861
List the prime factors of 103.
103
What are the prime factors of 14836?
2, 3709
What are the prime factors of 1738?
2, 11, 79
What are the prime factors of 3781?
19, 199
What are the prime factors of 19875?
3, 5, 53
List the prime factors of 27.
3
What are the prime factors of 10016?
2, 313
What are the prime factors of 8456?
2, 7, 151
What are the prime factors of 122?
2, 61
What are the prime factors of 11686?
2, 5843
List the prime factors of 704.
2, 11
What are the prime factors of 137?
137
What are the prime factors of 91691?
91691
What are the prime factors of 137794?
2, 68897
List the prime factors of 129.
3, 43
List the prime factors of 23649.
3, 7883
What are the prime factors of 120?
2, 3, 5
What are the prime factors of 2131?
2131
What are the prime factors of 19233?
3, 2137
List the prime factors of 11657.
11657
List the prime factors of 11970.
2, 3, 5, 7, 19
List the prime factors of 58970.
2, 5, 5897
List the prime factors of 20854.
2, 10427
What are the prime factors of 17204?
2, 11, 17, 23
What are the prime factors of 1678?
2, 839
List the prime factors of 17359.
17359
What are the prime factors of 1191?
3, 397
List the prime factors of 1227.
3, 409
What are the prime factors of 3908?
2, 977
What are the prime factors of 94818?
2, 3, 15803
List the prime factors of 2579.
2579
What are the prime factors of 6300?
2, 3, 5, 7
What are the prime factors of 13174?
2, 7, 941
List the prime factors of 8397.
3, 311
What are the prime factors of 5067?
3, 563
List the prime factors of 531.
3, 59
List the prime factors of 1642.
2, 821
What are the prime factors of 15990?
2, 3, 5, 13, 41
What are the prime factors of 88600?
2, 5, 443
List the prime factors of 300.
2, 3, 5
What are the prime factors of 21328?
2, 31, 43
List the prime factors of 774.
2, 3, 43
What are the prime factors of 9613?
9613
What are the prime factors of 45108?
2, 3, 7, 179
What are the prime factors of 49566?
2, 3, 11, 751
List the prime factors of 5822.
2, 41, 71
What are the prime factors of 8295?
3, 5, 7, 79
List the prime factors of 4175.
5, 167
List the prime factors of 23063.
23063
List the prime factors of 15713.
19, 827
List the prime factors of 96081.
3, 32027
List the prime factors of 1212.
2, 3, 101
List the prime factors of 285.
3, 5, 19
What are the prime factors of 27783?
3, 7
List the prime factors of 7328.
2, 229
What are the prime factors of 26467?
7, 19, 199
What are the prime factors of 1949?
1949
List the prime factors of 13564.
2, 3391
What are the prime factors of 951?
3, 317
List the prime factors of 5706.
2, 3, 317
What are the prime factors of 118437?
3, 11, 37, 97
What are the prime factors of 19202?
2, 9601
List the prime factors of 17929.
17929
What are the prime factors of 2270?
2, 5, 227
What are the prime factors of 17288?
2, 2161
List the prime factors of 2141.
2141
List the prime factors of 8732.
2, 37, 59
List the prime factors of 22571.
22571
List the prime factors of 583.
11, 53
What are the prime factors of 372?
2, 3, 31
What are the prime factors of 66605?
5, 7, 11, 173
List the prime factors of 1306.
2, 653
What are the prime factors of 4912?
2, 307
List the prime factors of 34321.
7, 4903
What are the prime factors of 3707?
11, 337
What are the prime factors of 1269?
3, 47
What are the prime factors of 661?
661
List the prime factors of 1555.
5, 311
List the prime factors of 1021.
1021
List the prime factors of 74497.
23, 41, 79
List the prime factors of 520.
2, 5, 13
What are the prime factors of 112937?
11, 10267
What are the prime factors of 927?
3, 103
List the prime factors of 56778.
2, 3, 9463
What are the prime factors of 54367?
54367
What are the prime factors of 9764?
2, 2441
List the prime factors of 459.
3, 17
What are the prime factors of 38380?
2, 5, 19, 101
What are the prime factors of 891?
3, 11
List the prime factors of 64372.
2, 7, 11, 19
What are the prime factors of 29522?
2, 29, 509
List the prime factors of 105479.
11, 43, 223
List the prime factors of 5464.
2, 683
What are the prime factors of 1100?
2, 5, 11
List the prime factors of 194.
2, 97
List the prime factors of 2421.
3, 269
List the prime factors of 75813.
3, 37, 683
What are the prime factors of 64591?
64591
What are the prime factors of 123604?
2, 13, 2377
List the prime factors of 1250.
2, 5
List the prime factors of 446.
2, 223
What are the prime factors of 2896?
2, 181
List the prime factors of 30344.
2, 3793
List the prime factors of 4220.
2, 5, 211
What are the prime factors of 18006?
2, 3, 3001
List the prime factors of 11679.
3, 17, 229
What are the prime factors of 1219?
23, 53
What are the prime factors of 841?
29
What are the prime factors of 10536?
2, 3, 439
List the prime factors of 1589.
7, 227
What are the prime factors of 12361?
47, 263
What are the prime factors of 1010?
2, 5, 101
What are the prime factors of 49937?
49937
What are the prime factors of 6988?
2, 1747
What are the prime factors of 2379?
3, 13, 61
List the prime factors of 1006.
2, 503
What are the prime factors of 4511?
13, 347
What are the prime factors of 3275?
5, 131
What are the prime factors of 3892?
2, 7, 139
What are the prime factors of 70?
2, 5, 7
What are the prime factors of 98589?
3, 59, 557
What are the prime factors of 16005?
3, 5, 11, 97
What are the prime factors of 6768?
2, 3, 47
What are the prime factors of 2214?
2, 3, 41
List the prime factors of 24644.
2, 61, 101
List the prime factors of 2662.
2, 11
What are the prime factors of 19157?
19157
What are the prime factors of 53880?
2, 3, 5, 449
What are the prime factors of 1799?
7, 257
List the prime factors of 13669.
13669
List the prime factors of 6494.
2, 17, 191
What are the prime factors of 139061?
13, 19, 563
List the prime factors of 1214.
2, 607
List the prime factors of 13.
13
What are the prime factors of 51803?
51803
What are the prime factors of 2265?
3, 5, 151
List the prime factors of 4022.
2, 2011
List the prime factors of 66742.
2, 13, 17, 151
What are the prime factors of 639?
3, 71
List the prime factors of 21512.
2, 2689
What are the prime factors of 30?
2, 3, 5
List the prime factors of 59.
59
What are the prime factors of 2488?
2, 311
List the prime factors of 15531.
3, 31, 167
List the prime factors of 2889.
3, 107
List the prime factors of 27313.
11, 13, 191
List the prime factors of 903.
3, 7, 43
What are the prime factors of 62048?
2, 7, 277
What are the prime factors of 177711?
3, 37, 1601
What are the prime factors of 9360?
2, 3, 5, 13
What are the prime factors of 12406?
2, 6203
List the prime factors of 69214.
2, 34607
List the prime factors of 89554.
2, 44777
List the prime factors of 57830.
2, 5, 5783
List the prime factors of 66706.
2, 33353
List the prime factors of 10273.
10273
What are the prime factors of 77?
7, 11
List the prime factors of 1790.
2, 5, 179
List the prime factors of 2734.
2, 1367
List the prime factors of 8065.
5, 1613
What are the prime factors of 60883?
107, 569
List the prime factors of 2547.
3, 283
List the prime factors of 1158.
2, 3, 193
List the prime factors of 96.
2, 3
List the prime factors of 87103.
87103
What are the prime factors of 1142?
2, 571
What are the prime factors of 1462?
2, 17, 43
What are the prime factors of 1490?
2, 5, 149
What are the prime factors of 1557?
3, 173
What are the prime factors of 14541?
3, 37, 131
What are the prime factors of 52806?
2, 3, 13, 677
List the prime factors of 495.
3, 5, 11
List the prime factors of 157643.
19, 8297
List the prime factors of 3244.
2, 811
What are the prime factors of 114?
2, 3, 19
What are the prime factors of 280?
2, 5, 7
What are the prime factors of 3392?
2, 53
What are the prime factors of 60106?
2, 41, 733
What are the prime factors of 2762?
2, 1381
What are the prime factors of 53765?
5, 10753
What are the prime factors of 941?
941
What are the prime factors of 665?
5, 7, 19
List the prime factors of 31842.
2, 3, 29, 61
What are the prime factors of 19947?
3, 61, 109
What are the prime factors of 919?
919
What are the prime factors of 205?
5, 41
List the prim